 + 2*b, 8 = 3*q + b. Suppose q*g - c = 3*g. What is the units digit of g?
1
Let f(t) = -2*t - 2. Let j = 9 - 12. Let i be f(j). Suppose 0 = 2*c + 4*g - 14, -c - 5*g - i = 1. What is the tens digit of c?
1
Let f(h) = 3*h - 6 + 0*h - 9. Let u = -268 - -279. What is the units digit of f(u)?
8
Let h(l) = 4*l - 11. Let z be h(4). Suppose 5*p - 730 = -z*p. What is the tens digit of p?
7
Let l(v) = v**2 + 9*v - 51. Let c be l(-13). What is the units digit of (c - -1)/((-5)/(-490))?
6
Let z(v) = v**3 + 4*v**2 + v - 4. Let w be z(-3). Suppose 0 = 3*r - r - 3*k + 1902, -8 = -w*k. What is the units digit of ((-2)/(-3))/((-14)/r)?
5
Let r = 17 - 16. Let s be r + 1 + 28/4. Let m(c) = -c**3 + 10*c**2 - 6*c - 12. What is the tens digit of m(s)?
1
Let s(x) = -4*x**2 + 3*x + 1. Let m be s(3). Suppose -j - 24 = 2*j. Let a = j - m. What is the tens digit of a?
1
Let a(j) = -j**3 + 4*j**2 + 2*j - 2. Let f(h) = -h**3 + 4*h**2 + h - 2. Let p(n) = 4*a(n) - 3*f(n). Let v be p(5). What is the units digit of v/(-10) + 34/5?
7
Let y be (-54)/4*4/(-6). Suppose -3*n - 4*j = -0*j - 6, 3*j - y = 0. What is the tens digit of (-41)/n + 4/8?
2
Let d be 5 - 10 - (-7)/1. Let k(n) = -7*n**2 + n - 1. Let h(j) = 7*j**2 - j + 2. Let b(w) = -2*h(w) - 3*k(w). What is the units digit of b(d)?
5
Let d be 76/(-20) - (-4)/80*-4. What is the units digit of 1 + 4 + (12/d)/3?
4
Let p = -6 + 11. Suppose -3*r + 269 = p*k, 17 = 4*r + 5. Suppose -s - 3*s + k = 0. What is the tens digit of s?
1
Suppose -z - 13 = 5*b, -2*z - 143 = 3*z - b. What is the units digit of (30/20)/((-6)/z)?
7
Let q = 77 - 137. What is the units digit of (-21)/(-2)*(-400)/q?
0
Let p = -3 - -3. Suppose 13*y = 15*y - 4. What is the tens digit of p + y - 135/(-5)?
2
Let y(c) = 5 + 0*c**2 + 3*c + 3*c + 3*c**2 - 2*c**2. Let h be y(-6). Suppose 3*m + m = i + 18, -m + h*i = 5. What is the units digit of m?
5
Let w(z) = -9 + 4*z**2 - 3*z**2 + 5*z + 0*z - 2*z. What is the units digit of w(13)?
9
Suppose 49 - 13 = 4*j. What is the tens digit of (-3*(-7)/j - 1)*114?
5
Let a = -8 - -4. Let p be (a - -6)/(2/4). Suppose -p*w + 0*w - 134 = -5*k, 0 = -3*w - 3. What is the tens digit of k?
2
Suppose -2 - 2 = -2*h. Let i be 204/33 - h/11. Let d = 10 - i. What is the units digit of d?
4
Let s(b) = b**3 + 20*b**2 + 39*b + 12. What is the units digit of s(-14)?
2
Suppose h - 16 = -3*h. Suppose 2*i + 4*y = 7*i + h, 2 = -2*i + 2*y. What is the units digit of i - -6 - (3 + -5)?
8
What is the tens digit of ((-36)/(-6))/2 - -446?
4
Suppose -4*r + 72 = -2*r. What is the tens digit of r?
3
Let s(o) = 12*o - 9. What is the hundreds digit of s(12)?
1
Let q(i) = 15*i - 92. What is the hundreds digit of q(16)?
1
Suppose -5*z = -2*h - 11, -3*h = 4*z + 2*h + 11. What is the hundreds digit of 1/(-4) - (7230/(-24) + z)?
3
Let u(p) = -p**2 - 17*p + 21. Let o be u(-18). What is the tens digit of 84/o - 0 - 0?
2
Let a(t) = -19*t + 7*t + 15 + 15 + 21*t. What is the hundreds digit of a(13)?
1
Suppose 2*i - 4*s + 5 - 1 = 0, 0 = -5*i - 5*s - 85. What is the units digit of 0 + 46 - 0/i?
6
Let s(y) = 2*y**3 + y**2 + 14*y - 49. What is the units digit of s(8)?
1
Let p be 6/5*80/24. Suppose 462 = -2*v + p*v. What is the hundreds digit of v?
2
Let t = -77 - 354. What is the hundreds digit of (-3)/4 - t/4?
1
Suppose n + 6 = 20. Suppose -n*k + 6 = -13*k. What is the units digit of k?
6
Let p(y) = y. Let b(w) = 10*w + 14. Let c(x) = -b(x) + 6*p(x). Let z be c(-6). Let h = 20 - z. What is the tens digit of h?
1
Let u = 2653 - 32. What is the thousands digit of u?
2
Let o = 24 + -19. Suppose -o*s = -3*k - 192, -3*k = -s + 46 + 2. What is the units digit of s?
6
Suppose 0 = -0*g + 3*g - 12. Suppose g*v - 15 = v. Suppose u + 3*u - 122 = -v*m, 58 = 2*u + m. What is the tens digit of u?
2
Let r = 48 + 466. Suppose 2*p = -4*k + 534, 0 = 2*k - 6*k + 2*p + r. What is the tens digit of k?
3
Let g = -583 + 1482. What is the tens digit of g?
9
Let p be 2 - (-2 + (-4)/(-2)). Suppose 4 = p*h + 2, 0 = -u + 3*h. Suppose -b = -4*g + 125, 3*g - g = u*b + 65. What is the tens digit of g?
3
Let i = 119 - 115. Suppose i*c - 8 = 0, 3*c + 3 - 95 = -z. What is the tens digit of z?
8
What is the units digit of 3894/2 - (-583)/(-53)?
6
Let s(p) = -68*p + 5. Let n be s(-2). Suppose 0 = -z + 39 + n. What is the tens digit of z?
8
Suppose 4*t = -4*u + 3624, 4*u - 891 = -t - 0*u. What is the units digit of t?
1
What is the tens digit of 135*((-14)/(-21))/(10/24)?
1
Let p be 45/15 - (0 - 2). Suppose 0 = -3*u - 4*i - i + 196, 336 = p*u - i. Let t = u - 34. What is the tens digit of t?
3
Suppose 3*p + 5*j + 85 = p, -110 = 4*p - 2*j. Let u = 51 - p. What is the units digit of u?
1
Suppose 123 - 173 = -5*n. Suppose -n*y = -7*y - 336. What is the hundreds digit of y?
1
Suppose -2*w + 512 - 20 = 0. What is the hundreds digit of w?
2
Let l = 19 - 15. Let x be 5/((-1)/l*-4). Suppose 3*u - 2 = -p + 19, -5*p + 205 = -x*u. What is the tens digit of p?
3
Suppose -j = t - 2*t + 943, 4*t + 4*j - 3788 = 0. What is the units digit of t?
5
Suppose -321 = -3*u - m - 55, 5*m = -2*u + 173. Suppose 4*s = -5*r + 218 + u, -5*s = -2*r - 359. What is the units digit of s?
3
Let z be (-5)/10 + (-33)/(-6). Suppose -z*l = -98 - 142. Suppose -5*c + h + 210 = l, 4*h + 120 = 4*c. What is the units digit of c?
3
Let b(c) = c + 15. Let x(q) = -5*q - 1. Let g be x(2). Let o be b(g). What is the units digit of (1 - -1)*74/o?
7
Suppose 22*g = 28484 + 34722. What is the tens digit of g?
7
What is the units digit of (4/6)/((-19)/(137085/(-10)))?
1
Let z(p) = p**3 + p**2 + p - 1. Let q = -5 + 6. Let j be z(q). Suppose -i + n - j*n = -8, i - 8 = 2*n. What is the units digit of i?
8
Let f(s) = -s**3 + s**2 - s + 4. Let y be f(0). Let h be ((-3)/(-9))/(y/1212). Suppose -2*l = 4*k - 122, 0 = 4*k - 4*l - l - h. What is the tens digit of k?
2
Suppose -2*n + 3 - 45 = 0. Let i be (-9)/7 - 6/n. Let k(d) = 5*d**2 - 2*d - 1. What is the units digit of k(i)?
6
Suppose 0 = 3*o + 2*m - 2496, -4*o + 9*o - 3*m = 4179. What is the tens digit of o?
3
Let p(m) = -m**2. Let v be p(1). What is the units digit of ((-67)/1)/(-2 - v)?
7
Suppose -128 = -2*m + 44. Suppose 0*b + 4*b + 2*p = 158, 3*b = 5*p + m. What is the tens digit of b?
3
What is the hundreds digit of (5107/6)/1 + 228/(-1368)?
8
Let o(x) = x**3 - 6*x**2 - 12*x + 8. Let m be o(8). Let l be (16/m)/(2/(-30)). What is the tens digit of ((-21)/l)/(4/32)?
2
Let v be (-1 - -3) + 0/(-3). Suppose -5*p = 4*x - 29, v*x + 4*p - 19 = 3*x. Let j = x + 3. What is the units digit of j?
4
Suppose -6*i + 279 = -4*i - 5*n, -4*i + n = -531. Suppose 3*t - i = -0*t. What is the tens digit of t?
4
Suppose 2*i + 6*m - 9*m - 537 = 0, -i + 274 = 4*m. What is the hundreds digit of i?
2
Let a(l) = l**3 + 7*l**2 + 5*l - 10. Let t be a(-5). Suppose -3*q + 3*o + 18 = 0, 2*q - 3*q + t = 2*o. What is the units digit of q?
9
What is the units digit of (0 + 3)*-1 - 8730/(-10)?
0
Let h = -30 + 68. Suppose -3*c + 89 + 142 = 0. Let b = c - h. What is the tens digit of b?
3
Suppose -5*h - 4*m + 9569 = 0, -2*m = 4*h + h - 9567. What is the units digit of h?
3
Suppose 6*v + 2 = -4. What is the tens digit of ((-1)/(-3))/(v/(-81))?
2
Let s be 12 - 5 - (0 + 3). Suppose 0 = -3*a - s*f + 5*f - 9, 4*a = -4*f - 28. What is the units digit of 2 + (a - -1 - -32)?
1
Let j(a) = 21*a**2 - 4*a - 1. Let i(l) = 1. Let z(m) = 4*i(m) + j(m). Let b be z(2). Let s = 111 - b. What is the units digit of s?
2
Let m(o) = -o**2 - o - 1. Let d(x) = 2*x**2 - 20*x + 15. Let n(j) = d(j) - 4*m(j). What is the tens digit of n(6)?
3
Suppose 54*o + 20308 = 102010. What is the thousands digit of o?
1
Let m(n) = -n**3 + 6*n**2 - 6*n + 7. Let j be m(5). Suppose 4*z = -106 + 122. Suppose z*k + l + l - 38 = 0, 2*k - 16 = -j*l. What is the tens digit of k?
1
Suppose 11*b = 529 - 100. What is the units digit of b?
9
What is the hundreds digit of ((-474)/(-18))/(1/6)?
1
Suppose -2*i = l - 1656, 5*i + 4*l + l - 4130 = 0. Suppose -7*x + 2*x + i = 0. What is the hundreds digit of x?
1
Suppose -33*t + 36*t = 3558. What is the thousands digit of t?
1
Let d = 283 - -97. What is the hundreds digit of d?
3
Suppose 2*x + 5*m - 183 = 0, 3*x = -9*m + 4*m + 267. Suppose -o + x + 6 = 0. What is the tens digit of o?
9
Let r be 297 - (-3)/2*2. Suppose -6*x + 2*x = -r. Suppose 11*o - x = 